t are the prime factors of s?
2, 5
Let x(p) = p**3 + 23*p**2 + 15*p - 32. Let b(d) = 21*d**3 + d. Let i(a) = -a - 10. Let y be i(-9). Let z be b(y). List the prime factors of x(z).
2, 61
Suppose 0 = -9*z + 10737 + 6732. List the prime factors of z.
3, 647
Let p(l) = 2*l + 6. Let h be p(-3). Let v be 12/(-6) + (2 - h). Suppose -6*z + 577 + 539 = v. What are the prime factors of z?
2, 3, 31
Let l = 297 - 623. Let s = l - -721. List the prime factors of s.
5, 79
Let n(p) = 2*p**3 - 16*p**2 - 18*p - 26. Let r be n(13). Let a = -469 + r. What are the prime factors of a?
31
Let q = 1127 + -391. Let l = q + -461. What are the prime factors of l?
5, 11
Let w = 75257 + -3973. What are the prime factors of w?
2, 71, 251
Let a(f) = 19*f**2 + 3*f + 10. Let z(d) = -18*d**2 - 4*d - 12. Let g(w) = 5*a(w) + 4*z(w). List the prime factors of g(2).
2, 23
Suppose -23*u + 21*u + 4 = 0. Suppose -1647 = -5*r + 2*b, -4*r + 1344 = 3*b + u*b. List the prime factors of r.
331
Let u(x) = -11*x**3 - 33*x**2 - 67*x + 11. List the prime factors of u(-13).
2, 1217
Let m = -51 + 56. Let a = -9 + m. List the prime factors of 205*(24/5 + a).
2, 41
Suppose -2*j + 746 = 2*u, 4*u = -0*j + 2*j - 770. Suppose 384*p - j*p - 1953 = 0. What are the prime factors of p?
3, 31
Let n = -59912 + 128829. List the prime factors of n.
68917
What are the prime factors of ((-96)/48)/(-1*(-6)/(-12381))?
4127
Let s(p) = -592*p. Let g be s(-1). Let n(t) = 4*t + 58. Let b be n(-14). Suppose b*x = -6*x + g. List the prime factors of x.
2, 37
Let w be -4*(-3)/(-6)*(-89)/2. Let u = w - 53. Let j = u - 18. What are the prime factors of j?
2, 3
Suppose 18*q - 5*d = 17*q - 13, -q - 13 = -2*d. Let f(y) = -103*y + 121. What are the prime factors of f(q)?
2, 5, 73
Let k = -981 - -1808. Let x = -529 + k. What are the prime factors of x?
2, 149
Let x(r) = r**2 - 5*r - 79. Let b be x(-7). Suppose 0 = b*h - 8*y + 5*y - 2180, y = -4*h + 1744. What are the prime factors of h?
2, 109
Let t(b) = -20*b**3 + 17*b**2 + 28*b + 147. List the prime factors of t(-7).
2, 3, 7, 13
Let q(t) = 2*t**2 - 3*t - 2. Let z be q(3). Let s be (-108)/(-9)*(z/3 + -2). Suppose s*x - 1188 = 14*c - 12*c, -4*x + 1200 = 4*c. List the prime factors of x.
2, 149
Suppose 0 = 21*l + 27658 - 87004. What are the prime factors of l?
2, 3, 157
Let m = 25130 - 21990. List the prime factors of m.
2, 5, 157
Let a(o) = -74*o**2 + 26*o - 6. Let y(c) = c**2 + 2. Let l(s) = -a(s) - 3*y(s). List the prime factors of l(-2).
2, 3, 7
Let y(q) = -10*q**3 + q**2 - 4*q - 9. Suppose w + 4 = 2*b - 5*b, -5*w = b - 8. List the prime factors of y(b).
83
Let v = -20 + 35. Suppose -w = v - 17. Suppose w*h + 65 = 7*h. List the prime factors of h.
13
What are the prime factors of 1 + 28865 + 140/(-14) + 10?
2, 3, 17, 283
Let i(j) = 5*j - 9. Let y be i(4). Suppose 8*g = y*g - 744. What are the prime factors of g/18 - (-48)/216?
2, 7
Let w(j) = -j**3 + 8*j**2 - 8*j + 7. Let x be w(5). Let t = x + -37. Suppose -12 + 97 = t*s. List the prime factors of s.
17
Suppose 0 = -y + 5*t + 24015 - 5220, 16 = 2*t. What are the prime factors of y?
5, 3767
Let z be -1 + -3 - 34/(-2)*40. Suppose -z*j + 671*j + 1550 = 0. List the prime factors of j.
2, 5, 31
Suppose -3*o = -2*s + 52120, 0 = 20*s - 23*s + o + 78180. What are the prime factors of s?
2, 5, 1303
Suppose -143*d = -149*d + 408. Suppose -70*y = -d*y + x - 146, x = 5*y - 351. List the prime factors of y.
71
Suppose 0 = -937*v + 942*v - i - 116107, -116093 = -5*v - i. List the prime factors of v.
2, 3, 5, 43
Let j(z) = -3*z - 15. Let a be j(-5). Suppose 56 = 7*g - a*g. What are the prime factors of 14/g*(37 - 1)?
3, 7
Suppose -32996*n + 32982*n + 4928 = 0. List the prime factors of n.
2, 11
Let r(v) = 36*v**3 - v**2 - v + 1. Let t be (-2)/(6/(-21) - 0). Suppose t*q = -7 + 14. What are the prime factors of r(q)?
5, 7
Let i be (-2)/12 + (-584)/(-48). Let l(h) = h**2 - 12*h + 7. Let b be l(i). Suppose 135 = -2*o + b*o. What are the prime factors of o?
3
Suppose 0 = -6*j + 2 - 20. Let c be -3 - (0 - 5)*(29 + j). Suppose -2*r + r = -c. List the prime factors of r.
127
Suppose -n + 5 + 13 = 0. Suppose -n = -2*s - 0*s - 3*x, 5*x - 20 = 0. Suppose -s*g + 199 = -5*j, 5*g + j - 342 = -j. What are the prime factors of g?
2, 17
Suppose -52*d - 200245 = -1366605. List the prime factors of d.
2, 5, 2243
Let h(t) = -2*t**2 + 3*t + 5. Let u be h(4). Let n = 23 + u. List the prime factors of (-7)/(28/n)*(-214)/4.
107
Let n(w) = -4*w - 12 + 15*w + w**2 + 6*w**2. Let x be n(6). Suppose 4*k = -2*r + x, 424 = 3*r - 2*k + k. List the prime factors of r.
11, 13
Let s(w) = -409*w + 170. What are the prime factors of s(-11)?
7, 23, 29
Suppose 5278*m = -5*u + 5281*m + 241237, 2*m = -u + 48263. What are the prime factors of u?
7, 61, 113
Let m = -6384 - -15041. What are the prime factors of m?
11, 787
Suppose -15*h = -19*h + 92. Suppose 0 = -h*n + 18*n + 2415. Suppose v + n = 8*v. List the prime factors of v.
3, 23
Let j(u) = -45*u - 65. Suppose 2*m + 55 = -3*m. What are the prime factors of j(m)?
2, 5, 43
Suppose 17 = -5*w + y, w = -3*y + 5*y + 2. Let n(x) = -x**2 - 6*x + 6. What are the prime factors of n(w)?
2, 7
Let a(i) = -3*i**2 - 125*i + 375. List the prime factors of a(-33).
3, 137
Let u(s) = -203*s + 119. Let n be u(7). List the prime factors of 8/(-6)*n/124.
2, 7
Let c = 6176 + 9887. What are the prime factors of c?
16063
Let r(v) = -2*v + 34. Let k be (-22 - -38)/((-2)/(-2)). Let n be r(k). Suppose 53 = z - 5*w - 44, z = -n*w + 104. List the prime factors of z.
2, 3, 17
Let f(q) = 7*q**2 - 25*q - 37. Let p be f(13). Suppose -d + p = 2*x + x, -4*x + 3*d = -1099. List the prime factors of x.
2, 137
Let q be (44 - 45)/(-1 - (-352)/353). Suppose -v + 525 = -4*v. Let z = v + q. List the prime factors of z.
2, 89
Suppose -97 = -2*a + 3*c - 1144, -4*c = -4*a - 2096. Let w = a + 1772. What are the prime factors of w?
29, 43
List the prime factors of 26207/(2/(-8)*-22 - 5).
2, 73, 359
Let u(o) = -o**2 - 7*o - 4. Let y be u(-9). Let f be (-1)/(-2 + (-46)/y). Let b(k) = -2*k**2 - 23*k + 12. What are the prime factors of b(f)?
23
Let c(v) = 38*v + 4298. What are the prime factors of c(-72)?
2, 11, 71
Suppose -2*c - 77*j + 67 = -80*j, -6*j - 29 = -c. Suppose 4*t - 12 = -0*t. Suppose t*s - 38 = -4*q + 31, 2*q - c = -s. List the prime factors of q.
2, 3
Let z = 34995 - -12800. What are the prime factors of z?
5, 11, 79
Suppose 3*l + 4*g = 48531, 2*g - 9804 - 71109 = -5*l. What are the prime factors of l?
3, 5, 13, 83
Suppose 97*o - 1421547 + 182485 = 157544. What are the prime factors of o?
2, 23, 313
Let x(s) = 4*s**2 + 116*s + 38. List the prime factors of x(24).
2, 11, 233
Suppose -3*o = -5*x + 8, x + 2*x - 2*o = 4. Let d(z) = 5*z**2 - 6 + 5 + 2*z + 12 - 4 + 2. What are the prime factors of d(x)?
97
Let q be 1/(2/(-2 + 30)). Suppose -b + 66 = 3*m, 56 = q*b - 13*b + 5*m. List the prime factors of b.
3
What are the prime factors of ((-244863)/54)/((-3)/6 + 0)?
3, 3023
Let p(v) = 47*v - 103*v - 17 + 37*v. List the prime factors of p(-27).
2, 31
What are the prime factors of 9399 + (-1 - 8)/((-225)/50)?
7, 17, 79
Let g be 18692/(-16) - (-4)/16. List the prime factors of g/(-3) - (7/21 - 0).
389
Suppose 114*v - 97*v = 203116. What are the prime factors of v?
2, 29, 103
Let y = -64 + 69. Suppose -3*v = 5*l + 22, -y*v - 4*l - 20 = l. List the prime factors of (-135)/(-18) + v/(-2).
7
Let t = 12 + -15. Let g(m) = -4*m**2 + 4*m + 5. Let q be g(t). Let k = q - -50. What are the prime factors of k?
7
Suppose -296*d + 40 = -298*d. What are the prime factors of (94311/315)/((-6)/d)?
2, 499
Let n(z) = 3*z + 38 + 11 - 1. Let k be n(-12). List the prime factors of -6 + 1 + 122 + k.
3, 43
Let f = 14 + -21. Let p(u) = 168908*u + 30 + 10*u**2 - 27 + u**3 - 168905*u. What are the prime factors of p(f)?
3, 43
Suppose 0 = 3*y + 4 + 8. What are the prime factors of (-378)/y*(-17)/((-153)/6)?
3, 7
Let i(c) = -c**3 + 5*c**2 - 6*c. Let j be i(3). Suppose -5*a - 5*m = -540, j = -5*a + 3*m + m + 504. What are the prime factors of a?
2, 13
List the prime factors of 1/(-1 + 713467/79274 + (-4856)/607).
2, 13, 3049
Let m = -17990 + 26762. List the prime factors of m.
2, 3, 17, 43
Let g = -26 + 22. Let t be (g - 86)/((-2)/(-3)). Let q = t + 241. List the prime factors of q.
2, 53
What